te?
True
Let a be -1*(3 - 3/1). Suppose a*i - 792 = -4*i. Let x = i - 67. Is x a composite number?
False
Let h(t) be the second derivative of 3*t**4/2 + 2*t**3/3 + t**2 - 3*t. Let s be h(-2). Suppose 0*z + 2*z - s = 0. Is z composite?
True
Is (10935/6 + -1)/(9/18) a composite number?
False
Let f(i) = 127*i**2 - 6*i + 2. Let t(r) = 126*r**2 - 5*r + 2. Let q(k) = -2*f(k) + 3*t(k). Suppose 0 = -3*z, 3 = 5*n - 2*n + z. Is q(n) a composite number?
True
Let r(m) be the first derivative of -447*m**2 - m - 34. Is r(-3) composite?
True
Suppose 2*p + 96689 = 2*a + 3*a, 0 = -4*a - 2*p + 77362. Is a a prime number?
False
Is 1812456/720 - 6/20 a prime number?
False
Let y be 4*3*((-40)/15)/4. Let o(a) = -2*a**3 + 3*a**2 - 15*a + 10. Is o(y) composite?
True
Let b(g) = g**3 - 7*g**2 + 5*g + 4. Let d be b(6). Let y = 0 - d. Let m(v) = 31*v**2 + 3*v - 3. Is m(y) a prime number?
True
Is (-1)/(-7) + (-19404276)/(-714) a prime number?
False
Let o = 421 + 432. Is o a composite number?
False
Suppose p - 12724 = 68397. Is p prime?
False
Is ((-1209)/234)/(1/(-114)) composite?
True
Suppose 0 = -26*x + 27*x - 1. Let v be (-2)/5 - 6/(-15). Is 98 - (1/x + v) prime?
True
Is 5773/(-3)*(-23 + 20) prime?
False
Let m(g) = g**3 + 5*g**2 - 6*g + 2. Let x be m(-6). Suppose 4*u - z = 581, 5*u + z = -x*z + 705. Suppose -68 = -4*v + u. Is v a composite number?
False
Let p(a) be the first derivative of -a**2/2 - a + 3. Let l be p(-5). Suppose 2*r + 1180 = 5*n - r, 5*r = l*n - 931. Is n a composite number?
False
Let f = -428 + 1107. Is f a prime number?
False
Suppose 15582 = 2*x - 25*v + 29*v, 2*v - 15574 = -2*x. Is x a composite number?
True
Let l be -1 + 4 - 7/(21/(-6)). Suppose 5*j + l*q - 2835 = 0, 251 = -4*j - q + 2513. Is j a composite number?
True
Let f(v) = 4*v + 41*v**2 + 2 - 86*v**2 - 253*v**3 + 47*v**2. Is f(-1) a composite number?
True
Suppose -5*u + 149 = -f + 1523, -276 = u + f. Let x = -18 - u. Is x composite?
False
Let w be 17 + -2 - 1*-5. Suppose -12*i + w*i - 3160 = 0. Is i a prime number?
False
Let u be -3 - 2/((-10)/15). Suppose -5*d - 1177 + 4542 = u. Is d composite?
False
Suppose 2537 = u + 384. Is u a prime number?
True
Let c be 3*-2*1082/(-4). Let t = c + -940. Is t a composite number?
False
Let o(k) = -k**3 + 10*k**2 + 12*k. Let g be o(7). Suppose 3*c = 216 + g. Is c a prime number?
True
Let g(z) = -3 - 4*z**3 + 10*z**2 - 3 + 0*z**3 + 8. Let y be g(-7). Suppose -3*n + y = 5*m, -3*m + 1870 = 2*m + 5*n. Is m prime?
False
Let o be (-4)/(-22) + (-45)/(-55). Suppose -u - 3*l + 997 = 0, o = -2*l + 5. Is u prime?
True
Suppose -11*a = -16*a - 2450. Let z = 831 + a. Is z a composite number?
True
Let t(n) = 674*n**2 - 9*n - 9. Is t(-5) prime?
False
Suppose 3*v = -5*c - 61, -3*c = -v - 5*c - 22. Let p = 2 - 6. Is v/9*258/p a composite number?
True
Suppose -w = -3*x + 5, 2*x - 1 = w + 2. Suppose 5*r - 2*g = 2*g + 1293, -x*r = 2*g - 510. Suppose 3*j = -q + r, -q + 4*j + 265 = 8. Is q a prime number?
True
Let l(r) = -32*r - 4. Let s be l(1). Is ((-9)/s)/((-1)/(-52)) a prime number?
True
Suppose 3*g + 2*s - 30571 = 0, 0*g + 4*s - 20370 = -2*g. Is g composite?
False
Let c = -90 - -90. Suppose 2*p - 784 - 778 = c. Is p a composite number?
True
Let x(q) = 5*q**3 - 15*q**2 + q + 16. Is x(7) composite?
True
Suppose -30*x + 13*x = -342737. Is x a prime number?
True
Suppose 3*a + 203 = -223. Let q = -31 - a. Is q a composite number?
True
Let k = 6 - 4. Let o be ((-2)/(-5))/(k/570). Let v = o - 31. Is v composite?
False
Suppose 2*l - 19 = 3*h - 7, 20 = -2*l - 5*h. Suppose l = -2*c + 10, -4*c = -2*d - 165 + 547. Is d composite?
True
Let t(q) = -423*q - 377. Is t(-6) a prime number?
True
Let z(a) = 8*a + 1. Let i be z(2). Suppose 5*r = 3 + i. Suppose 4*d = 5*g - 0*g - 943, 0 = r*g + 4*d - 776. Is g a composite number?
False
Let u(c) = -2*c**2 + c - 5. Let z be u(0). Let q be z*(0 - (-363)/(-5)). Suppose -560 = -3*n - x - 197, 3*n - x - q = 0. Is n composite?
True
Let s = -5 + 4. Let x = 1 + s. Suppose -j = -x*j - 85. Is j composite?
True
Suppose 5*p = 4*u, -u + 3 + 2 = 0. Suppose -w + 6*w - 154 = -2*m, -16 = -p*w. Suppose -v = -2*v + m. Is v a composite number?
False
Let y(c) be the third derivative of -c**5/60 + c**4/2 + 5*c**3/2 + 6*c**2. Let u be y(12). Is 2245/u - 2/3 composite?
False
Let x = -52 - -58. Is x/((-24)/28)*-191 a composite number?
True
Let x = 695 + -219. Let k = x - 211. Is k composite?
True
Let v be 44/10 + 16/(-40). Suppose -4*d = 3*z - z + v, -2*z + 14 = -5*d. Suppose -314 = -0*r - z*r. Is r composite?
False
Let k(p) = p**3 + 4*p**2 - 6*p + 5. Let u be k(-5). Suppose u*n - 1278 = 4*n. Is n composite?
True
Let d(p) = 58*p**3 - 5*p**2 + 10*p - 10. Is d(3) prime?
False
Let x = 3168 + 4141. Is x prime?
True
Suppose -10*s + 4 = -8*s. Is (-4710)/(-40) - s/(-8) prime?
False
Let n = 33 + 296. Is n composite?
True
Let n(r) be the first derivative of -r**3/3 - 3*r**2 + 4*r + 6. Let c be n(-6). Suppose 3*g = c*b - 2171, 3*b - 2*b - 548 = -g. Is b a composite number?
True
Is 585/(-65) + (-25048)/(-2) a prime number?
False
Let g(v) = -v**3 + 10*v**2 - 9*v + 2. Let f be g(9). Is 263*1 - (3 - 6/f) a composite number?
False
Suppose -5*g + 2*l = 3*l - 2708, -g = l - 544. Is g a composite number?
False
Let d(w) = -2*w**3. Let p be d(1). Suppose 0 = 7*b + 2 - 9. Is 5 + 73 - (b + p) a prime number?
True
Let k(m) = m**2 + 3*m + 22. Let h be k(0). Suppose h*y - 25*y = -42. Is y prime?
False
Suppose -d - 4 = -3*d + 4*q, -3*d + 4*q = -4. Suppose d = 4*c - 34 - 1866. Suppose 0 = -5*n + x - 4*x + c, 475 = 5*n + 5*x. Is n composite?
True
Suppose -290 = 4*c - 9*c. Is (2 - 1)/(1/c) composite?
True
Is ((-6906)/4 - 0)*66/(-99) a prime number?
True
Suppose 0 = -52*f + 2170 + 78066. Is f composite?
False
Suppose 3*p = -20*p + 217166. Is p a prime number?
False
Let u(f) be the second derivative of 7*f**4/12 + f**3/3 + f**2 + 2*f. Is u(5) prime?
False
Let p(b) be the third derivative of 97*b**6/40 + b**4/24 - b**3/6 + 8*b**2. Is p(1) prime?
False
Let h(z) = 3*z - 31. Let g be h(9). Is -1*(3172 - -4)/g composite?
True
Suppose -l - l + 154 = 0. Is l prime?
False
Let i(s) = s**3 - s**2 - s + 24. Let z be i(0). Let h = 385 - 552. Let r = z - h. Is r composite?
False
Let y be -14*(-4 - (-45)/10). Is y/(-14) + (-890)/(-4) prime?
True
Let a be (-10)/25*1 + (-4224)/(-10). Is (a/(-4))/(3/(-30)) prime?
False
Suppose -2 + 8 = y + 2*v, -5*y + 48 = v. Let c = 759 + y. Is c a prime number?
True
Let l(y) = 10*y + 1. Let r be l(11). Suppose -3*a = -r - 213. Suppose 4*b + a = 3*i - 131, 4*i = 3*b + 328. Is i prime?
False
Let t be (0 - 0) + -850 + 0. Let d = 1737 + t. Is d a prime number?
True
Is (-6254550)/(-60) - (9/(-6))/3 a prime number?
True
Is (-6 + 234/(-12))/((-12)/5272) a composite number?
True
Let u be (-2)/(-4) + 52/(-8). Let j = 8 + u. Suppose 18 + 8 = j*f. Is f a composite number?
False
Let g = -7 - -12. Suppose -v - 91 = g*f, 4*f + 0*v - 5*v + 67 = 0. Is 922/12 - 3/f a prime number?
False
Let m(d) = 12*d**2 - 18*d - 151. Is m(42) composite?
False
Let j(g) = -5*g**3 - 4*g**2 - 5. Let s be j(-4). Let x = 23 + s. Is x prime?
False
Let l = 6848 - 2301. Is l prime?
True
Let z(w) = 24492*w - 49. Is z(1) a composite number?
False
Suppose 15790 = -3*j + 5*j. Is j composite?
True
Let c = -20 + 23. Let k be -1 - c/(-1) - 9. Let m(v) = -v**3 - 2*v**2 + 4*v - 8. Is m(k) prime?
False
Suppose -4*p - 6010 = -2*k, -5*p - 3*k - 1506 = -4*p. Let f = p + 2114. Is f a composite number?
True
Let m(t) = t - 4. Let n be m(9). Let j = 619 + -272. Suppose n*d + 109 = r, 0*r + j = 3*r - 5*d. Is r composite?
True
Is 5082/5 - 368/(-230) a prime number?
False
Let z(f) = -8 - 11*f**2 - 8*f - 4*f + 13*f**2. Is z(9) prime?
False
Let m = 1720 + -1229. Let g = m + 296. Is g prime?
True
Suppose 2*g = 3*f + f - 12, 3*f + 3*g - 27 = 0. Is (22/4)/(f/170) a composite number?
True
Let t be ((-24)/60)/(12/(-10) + 1). Suppose t*h - 9268 = -2*h. Is h a prime number?
False
Let j = 32881 - 21444. Is j prime?
True
Suppose -5*i = 3*h - 2989, h + 4*h + i - 5011 = 0. Is h a prime number?
False
Suppose -9*v + 338305 = -4*v. Is v composite?
True
Let j(x) = x**2 + 6*x + 2. Let a be j(-6). Suppose 6 = q - s, 0*q - a*q = 4*s. Suppose -3*m = -5*z - 2*m + 417, 3*z + q*m = 241. Is z composite?
False
Let r be (20/6)/((-30)/2925). Let f = r + 534. Is f pr